x(m) = 2*m**3 - 9*m**2 - 13*m + 28. What is the hundreds digit of x(9)?
6
Let m = 892 + 681. Suppose -8*o + m = 5*o. What is the hundreds digit of o?
1
Suppose -7 + 13 = 2*k. Suppose 2*x = k*x - 27. What is the units digit of x?
7
Suppose -5*n + 73 = -4*p, 2*p - n + 17 = -12. Let t be (-3)/2*p/9. Suppose -t*b + 4*i + 32 = -78, 167 = 3*b - 4*i. What is the units digit of b?
7
Let d(v) = 538*v + 138. What is the units digit of d(3)?
2
Let z = -57 + 62. Suppose 5*w - 4*g = 251 - 58, w - z*g - 26 = 0. What is the tens digit of w?
4
Suppose -4*p + 4 = 0, -2*p = 2*j - 0*j - 2. Suppose j = -0*b + 2*b - 8. What is the units digit of b?
4
Suppose 5*x = 2*s - 0*x - 33, 3*x = -4*s + 1. Let d(y) = 0 + 3 - 38*y**2 + 39*y**2 + 4*y - 3*y. What is the units digit of d(s)?
3
Let b = 759 + -234. What is the units digit of b?
5
Let b = -67 + 28. Let d = -32 - b. What is the units digit of d?
7
Let g(a) = -a - 1. Let k(f) = 3*f + 5. Let p(d) = -2*g(d) - k(d). Let c be p(-9). What is the units digit of c/4*(-62)/(-3)?
1
Suppose 4*m = -3*h + 2 - 17, 5*h = -2*m - 11. Let d be (-15)/(-2)*(-4)/(-6). What is the units digit of (m + 5/d)*-1?
2
Suppose -c + 6 = 2. Let y(f) = f**3 + 6*f**2 + 3*f - 3. Let b be y(-5). Suppose -45 = -5*q - c*v, b = 2*v - 3. What is the units digit of q?
5
Suppose 5*m + 1 - 11 = 0. Let c be (8/(-5))/(m/95). What is the units digit of ((-14)/28)/(2/c)?
9
Let z(p) = -5*p + 14. Let h be 28/24*3*-2. Let g = -13 - h. What is the tens digit of z(g)?
4
Let i(u) = -u**3 + 6*u**2 + 2. Let q be i(6). Suppose -2*m - 5*b - q = -60, 5*m = 2*b + 174. Suppose -2*y = m - 106. What is the tens digit of y?
3
Suppose 31*a - 16*a = 1920. What is the units digit of a?
8
Let l(m) = m**3 + 5*m**2 + 4*m + 2. Let w be l(-2). Let k = w + 1. What is the tens digit of k*((-576)/(-21))/4?
4
Let u = 43 - 35. What is the units digit of 2/u*32/12*249?
6
Suppose -3*t + 9714 = 3*k, -9*k + 13*k - 4*t = 12960. What is the hundreds digit of k?
2
Let l(x) = -3*x + 11. Let c be l(4). What is the units digit of (c/3)/(10/(-1020))?
4
Let x(p) be the third derivative of p**5/30 - 11*p**4/24 + 2*p**3 + 17*p**2 + 3. Suppose -2*b + 18 = 6. What is the units digit of x(b)?
8
Let s be 13 + -5 - 4 - -8. What is the tens digit of (81/(-12))/(s/(-128))?
7
Let a = 346 + -552. Let i = 355 + a. What is the tens digit of i?
4
Let r be (-114)/(-7) - 4/14. Suppose 0 = -74*p + 60*p + 252. Let n = p - r. What is the units digit of n?
2
Suppose 23 = d - 121. Suppose -3*c - 138 = -3*a, 0*a + 4*a = -4*c + d. What is the units digit of a?
1
Let j be 5*1/(-1) - -7. Suppose s - o = 100, j*s + 3*o - 10 = 185. What is the units digit of s?
9
Suppose -3*y = -13*y + 60. Suppose g - 5*i = 178, y*i + 341 = 2*g + i. What is the units digit of g?
3
Let p be 1*(3 - 2)*3 + 670. Let h = -419 + p. What is the units digit of h?
4
Suppose -11786 = -11*k - 4097. What is the tens digit of k?
9
Let t(a) = 5*a**2 - 4*a - 22. Let d be t(-6). Suppose -d = -2*o + o - 2*c, -5*o - c + 928 = 0. What is the units digit of o?
6
Let p(h) = 25*h**2 - 228. What is the thousands digit of p(15)?
5
What is the tens digit of (-993)/(-9)*(-6 - -9)?
3
Let p(h) = 1103*h**3 - 2*h**2 + 2*h - 2. What is the tens digit of p(1)?
0
Let c be (8 - 8)/(2*-1). What is the units digit of c/(-3) - (-20)/10?
2
Let i(u) = 2*u**2 + 14*u + 35. What is the units digit of i(30)?
5
Let r be 56 - 7/((-14)/4). Let s = r + -52. What is the units digit of s?
6
Let k = 2404 - 1081. What is the thousands digit of k?
1
Let m = -8193 + 13695. What is the hundreds digit of m?
5
Let d be -1*(-8 + (3 - 0)). Suppose 6 = 3*s - 0*s, -d*z = -s - 153. What is the tens digit of z?
3
Let q be (-10 + 14)*7/(-4). Let f(b) = 3*b**2 + 7*b + 20. What is the hundreds digit of f(q)?
1
Let n = 49 + -47. Suppose 3*v = -n*j + 35, -4*j + 55 = v - 0*v. What is the units digit of j?
3
Let v(n) = -n**2 - 10*n + 13. Let u be v(-11). Suppose 0 = 5*j - 5*p + 125, u*j + 35 = 5*p - 0*p. What is the tens digit of ((-48)/j)/(4/50)?
2
Let o(h) = 2*h**2 + 38*h + 7. Let x be o(-19). Suppose x*u - 601 = 400. What is the tens digit of u?
4
Let o(w) = -4*w - 7. Let d be (-12)/4 + (-2 - -2). Let g be o(d). Suppose 63 = g*x - 87. What is the units digit of x?
0
Suppose 4*n = -5*w + 1827, -2*n - 42 + 962 = -4*w. What is the hundreds digit of n?
4
Let y be (-8)/6*(-42)/(-7). What is the units digit of 6/y + (-585)/(-12)?
8
Let f = 7831 + -2218. What is the units digit of f?
3
Let q(v) be the second derivative of -7*v**6/720 - 7*v**5/120 - v**4/12 + 2*v. Let r(w) be the third derivative of q(w). What is the tens digit of r(-5)?
2
Let s be 2/3 + 15/(-9). Let v be 12/(-3)*-1 + s. What is the tens digit of (-4)/6 - (-68)/v?
2
Suppose -1018 = -3*q - 4*p - 53, 1235 = 4*q - 5*p. What is the hundreds digit of q?
3
Let g = -22 - -24. Suppose -g*r - 27 - 7 = -2*t, 5*r = -4*t + 95. What is the tens digit of t?
2
Let p(f) = f**3 + 7*f**2 + 2*f - 3. Suppose 3*v + 0 = -9. What is the units digit of p(v)?
7
Let x = 1255 + -862. What is the hundreds digit of x?
3
Suppose -366*i = -362*i - 2500. What is the units digit of i?
5
Let v = -1283 + 1283. Let j(z) = z**2 + z + 8. Let i be j(6). Suppose 3*r + i - 194 = v. What is the tens digit of r?
4
Let d = -169 - -280. Let v = 41 + d. What is the units digit of v?
2
Let d(b) = 14*b**3 - 3*b**2 + 3*b - 4. Let c be d(2). Let k = 146 - c. What is the units digit of k?
4
Suppose 0 = 4*h - 8, -q + 0 = 4*h - 8. Let k be 0/(q/(-2) - 1). Suppose -4*b + 8 = 0, k*l = l + 3*b - 18. What is the tens digit of l?
1
Let t(f) = 3*f**2 - 10*f - 33 - 10*f**2 + 5*f**2 + 4*f**2. What is the units digit of t(12)?
5
Suppose -2*c + 0*c + 12 = 0. Suppose 3*g - 4*b - 31 = 0, 2*g + 3*b = 8*b + 30. Let z = c - g. What is the units digit of z?
1
Let q be (-108)/(-10) - 23/(-115). Let m = 140 - q. What is the hundreds digit of m?
1
Suppose 5*f = -h + 69, -h - 4*f + 110 = 37. Suppose 3*y + s = 109, s - h = -5*y + 94. What is the units digit of y?
7
Let z(o) = -o**3 - 2*o**2 - 2*o - 4. Let k be z(-2). Suppose k = -3*n + n + 66. What is the units digit of n?
3
Let c be ((-24)/(-10))/(-6)*-5. Suppose -3*g + c = -1. What is the tens digit of (g + -67)*1/(-2)?
3
Let g be (6/4)/((-3)/(-1328)) - 4. Suppose 5*t + 4*r = 645, 5*t - g = 7*r - 8*r. What is the hundreds digit of t?
1
Suppose -6*v + 1704 + 2628 = 0. What is the hundreds digit of v?
7
Let o(s) = 8*s**2 - 21*s + 74. What is the units digit of o(8)?
8
Suppose -29 = a - 28. What is the units digit of (1 - 1) + a + 3?
2
Let m be 376/10 - (138/30 + -5). Suppose 3*d = 5*c + 42 + m, 5*c - 120 = -5*d. What is the units digit of d?
5
Let s(a) = 7*a**2 - 2*a + 2. Let g be s(2). Let f be (-50)/4 + (-1)/2. Let w = f + g. What is the units digit of w?
3
Suppose l - 183 = -4*y, 3*y - 4*l + 57 = 4*y. Suppose 0 = z - 14 - y. What is the tens digit of z?
5
Suppose -3*v = -2*s + 219, -8*v = -3*v - 15. Let d = s - 64. What is the units digit of d?
0
Let o(u) be the second derivative of 0*u**3 + 0 - 8*u + 3/4*u**4 + 1/2*u**2. What is the tens digit of o(-1)?
1
Suppose 0 = -3*t - t + 2*r - 74, -3*t - 63 = r. Let c = 8 - t. What is the units digit of c?
8
Let q = -802 + 1679. What is the hundreds digit of q?
8
Let y be (96/8)/(4 + -2). Suppose -3*a - 2*m = -12 - y, -a - 3*m = -13. Suppose -n + 8 = -a. What is the units digit of n?
2
Let m(b) = -b**3 - 6*b**2 + 4*b - 9. Let i be m(-5). Let l = 77 + i. What is the units digit of l?
3
Let o = 134 - 90. Let q = o + 26. What is the units digit of q?
0
Let x(k) = -2*k**2 + 1 - 6*k**3 - 73*k**3 - 10*k**3 - k. What is the units digit of x(-1)?
9
Let y = 108 - 105. Let r(j) = j**3 - 4*j**2 - 3*j - 2. Let w be r(5). Suppose 0 = w*n - y*n - 145. What is the tens digit of n?
2
Let k(l) = -l**2 - 50*l + 45. What is the hundreds digit of k(-23)?
6
Let x be ((-162)/(-216))/((-1)/4*1). Let f(j) = j. Let d(o) = 4*o + 4. Let q(k) = -d(k) + 2*f(k). What is the units digit of q(x)?
2
Let g = 4516 - 2019. What is the thousands digit of g?
2
Let r = 24 + -12. Suppose 0*m = -3*m + r. Suppose 3*s = -s + m. What is the units digit of s?
1
Let k = 15 - 23. Let h be (-2)/((k/(-10))/(-2)). Suppose -h*n = -4*o + 128, -4*o + 0*o - 3*n = -128. What is the tens digit of o?
3
Suppose 5*d = 20 + 15. Suppose 43 = -5*s + d*s - 3*q, 0 = 3*q - 3. What is the 